pose -z*p + 16 = -2*p. What is the units digit of p?
6
Let h(m) = 2*m**2 + 11*m + 726. What is the hundreds digit of h(-34)?
6
Let u(m) = 98*m**2 - 3*m + 2. Let c(g) = -2*g**2 - 13*g + 8. Let b be c(-7). What is the tens digit of u(b)?
9
Let c(y) = y**3 + 7*y - 15. Suppose 13*q + 16 = 81. What is the hundreds digit of c(q)?
1
Let r = 2148 - 873. What is the tens digit of r?
7
Suppose -f - 4*n - 16 = -0*f, -4*n = 3*f + 64. Let u = f - -56. What is the units digit of u?
2
Let w(t) = 8*t + 7. Suppose 2*g + 6 = 4*g. Suppose -3 = -g*y + 15. What is the tens digit of w(y)?
5
Let h(m) = -482*m - 768. What is the units digit of h(-5)?
2
Let r = -7 - -15. Suppose -4*w + r*w = 28. What is the units digit of w?
7
What is the hundreds digit of (-175)/(-125) - (-7958)/5?
5
Let k be (11 - 3) + -3 - 1. What is the tens digit of ((-46)/k)/((-4)/72)?
0
Let j(m) = 2023*m**2 + 7*m + 1. What is the units digit of j(-1)?
7
Let t(c) = c**3 + 15*c**2 - 18*c - 6. Suppose -88 = 3*n + n - g, -g + 66 = -3*n. Let p = n + 6. What is the units digit of t(p)?
6
Let k = 406 - -178. What is the tens digit of k?
8
Let p(z) = -36*z - 3. Let x be p(-6). Suppose -5*s + x + 52 = 0. What is the tens digit of s?
5
Let f be (-2 - (-8 + 0))*5. Let b = 30 - f. What is the tens digit of (b + -2)/((-4)/34)?
1
Let o(b) = -b + 12. Suppose 0*c - 27 = -3*c. Let z be o(c). Suppose -z*v + 27 = -0. What is the units digit of v?
9
Suppose 0 = -2*b - b - 792. Let h = b - -389. What is the tens digit of h?
2
Suppose 0 = 5*a - 3*b - 6547, -3*a - 3*b + 3477 = -432. What is the tens digit of a?
0
Let k = -16 - -22. Let s(b) = 13*b - 18. What is the tens digit of s(k)?
6
Let i be (-117)/6*((-416)/(-6))/(-2). Suppose 0 = a + p - 223, -2*p + 6*p + i = 3*a. What is the units digit of a?
4
Let x(v) = v**2 + 7*v - 4. Let h be x(-8). Suppose 0 = h*t - 4 - 0. What is the units digit of (-8 - -3)*(t - 2)?
5
Suppose 5*q - 8*l + 6*l = 15759, q + 5*l = 3141. What is the tens digit of q?
5
Suppose 0 = -3*b + l + 1424, 18*b - 2*l + 952 = 20*b. What is the units digit of b?
5
Suppose -6 = -5*r + 14. Suppose 0 = -s - 0*s + r*q + 13, -4 = -s - 5*q. Suppose 0 = s*w - 14*w + 250. What is the tens digit of w?
5
Let r = -1032 + 1158. What is the hundreds digit of r?
1
Suppose 209 + 24890 = 19*c. What is the units digit of c?
1
Suppose -x = -2*j - 4*x - 9, 2 = 4*j + 2*x. Suppose 4*p + 109 = j*c, 0 = 2*c - 0*c + 2*p - 54. What is the tens digit of c?
3
Suppose -4*n - 3*g + 8 = -6*g, 5*n + 5*g - 10 = 0. Let w = n + -2. Suppose -2*s = -w*s - 88. What is the units digit of s?
4
What is the units digit of 729 + (-20)/(-4)*-1?
4
What is the units digit of (4/2 - 159/2)*-2?
5
Suppose -17*g + 19*g = -2. Let x be (g - -2)/(18/(-540)). Let s = x - -57. What is the tens digit of s?
2
Suppose -121*y + 134*y - 44226 = 0. What is the tens digit of y?
0
What is the units digit of (4 - (9 + -4))*-2 - -875?
7
Let f be 3/27 - 85/(-45). What is the tens digit of (f - -2)/((-2)/(-134))?
6
Let o be (-1)/(-1)*(5 + 2). Let t be (-2 - (-1 - 1)) + o. Let m(g) = 2*g + 4. What is the units digit of m(t)?
8
What is the units digit of (-21)/9 + (137228/39)/14?
9
Let z be -2 - 0/4 - -17. Let n = 6 + z. Suppose n*p - 48 = 19*p. What is the units digit of p?
4
Suppose 0 = -r - 4*r - 15, -40 = 4*a - 4*r. Let y = -27 - a. What is the tens digit of 1056/77 + (-4)/y?
1
Let s be 2 - (0/1 - -1). Let r(k) = 56*k**2 + 2*k - 1. What is the units digit of r(s)?
7
Suppose 6*o - 45 = o. Suppose 0 = o*m - 373 - 527. What is the hundreds digit of m?
1
Let l(a) = -a**3 - 16*a**2 - 11*a - 2. Let g be l(-15). Let n = -24 - g. What is the units digit of n?
8
Suppose 178 = 26*a + 126. What is the units digit of a?
2
Let r(i) = -i**2 - 4*i + 18. Let k be r(-8). What is the tens digit of 4/(-14) + (-662)/k?
4
Let k be (3/(-2))/(21/(-644)). Let i = k - 4. What is the tens digit of i?
4
Suppose -26811 = -30*l + 13809. What is the units digit of l?
4
Suppose 1518 - 258 = 3*b. What is the units digit of b?
0
Let s = 1342 - -184. What is the hundreds digit of s?
5
Suppose p - y = -0*y + 7, p = 3*y + 11. Suppose -3*m + 342 = -3*k, 576 = p*m - 0*k - 3*k. What is the tens digit of m?
1
Suppose 0 = -2*s + 2, 4*s - 35 = 5*u - s. What is the hundreds digit of ((-1467)/27)/(14/u + 2)?
1
Let t(c) be the first derivative of c**2/2 + 24*c - 1. Let p be (-2)/8 - (-161)/(-28). What is the tens digit of t(p)?
1
Let m be -7*(-2 - 64/(-28)). What is the units digit of 6 + 13 - 8/m?
3
Suppose -22*b = -21*b - 6. What is the units digit of (-6)/4*(-272)/b?
8
Suppose 0 = -3*y + 9*y - 1410. What is the units digit of y?
5
Suppose 26783 = 7*r - 615. What is the hundreds digit of r?
9
Suppose 10*s + 5*y - 1277 = 6*s, -s + 326 = -y. What is the units digit of s?
3
Let y = -8 + 13. Suppose n + h = 52, 3*n - 2*n = y*h + 22. What is the units digit of n?
7
Let o = 648 - 487. What is the hundreds digit of o?
1
Let w = 719 - 309. What is the tens digit of w?
1
Let l(n) = 105*n**2 + 5*n + 10. What is the tens digit of l(-2)?
2
Suppose -4*a + 3*k = -17, 4*k + 0 = -5*a - 2. What is the units digit of (a/4)/(3/1392*4)?
8
Let p(l) = 4 - 21 + 10 + 0*l**2 + 3*l + l**2. What is the units digit of p(5)?
3
Let w(j) = 219*j**2 - 4*j + 3. Let x be w(1). Let i = x - 39. What is the hundreds digit of i?
1
Suppose 0 = v - 3*b - 229, 3*v + b - 942 = -v. Suppose -q = -j - 43, v = 5*q - 3*j + 2*j. What is the tens digit of q?
4
Let a(m) = m**2 + 6*m - 2. Let v be a(-6). Let n be ((-13)/3)/(v/18). Suppose -5*l + 21 = -n. What is the tens digit of l?
1
Suppose -20 = 4*t - 200. Let z = t - 18. What is the units digit of z?
7
Suppose 4*u = 7*m - 5*m + 2778, -3*u + 2100 = 4*m. What is the units digit of u?
6
Let r(k) = -k**3 + 3*k**2 - 6*k + 6. Let p be r(3). What is the tens digit of (-1004)/p - (-2)/(-3)?
8
Suppose 3*z - 2 = 1. Let d(m) = 13*m - 1. Let b be d(z). Suppose 0 = -3*c + 33 + b. What is the units digit of c?
5
Suppose 5*v - b - 10 = -0*v, 5*b - 2 = -v. Let s(z) = 4*z**2 - 5*z**v + 49*z - 61*z. What is the units digit of s(-6)?
6
Suppose -5*v = t - 3*t - 23, 4*v = -4*t - 4. Suppose 7*z - 2*z = 2*g + 235, -v*g = 4*z - 188. What is the tens digit of z?
4
Let k(t) = -35*t + 110. What is the thousands digit of k(-57)?
2
Let a(s) be the first derivative of -9*s**2/2 - 12*s - 5. Let k be a(-10). Suppose -4*m + 210 + k = 0. What is the units digit of m?
2
Let u(j) = -j**3 + 2*j**2 + j - 2. Let y be u(2). Let k(z) = 3*z + 2*z + 14 - 5*z + z**3. What is the units digit of k(y)?
4
Let s be (2 - 3)/(15/8 + -2). Let l(c) = 11*c - 10. What is the units digit of l(s)?
8
Suppose -8*j + 2754 = 9*j. Suppose 108 = 3*p - j. What is the units digit of p?
0
Let v(a) be the third derivative of a**7/5040 - a**5/60 + 7*a**2. Let h(b) be the third derivative of v(b). What is the units digit of h(3)?
3
Suppose -64*x = 30*x - 437100. What is the tens digit of x?
5
Let g(n) = -5*n + 20. Let o be g(4). Suppose 0 = -4*d + 12, o = -2*h - 0*h - 3*d + 129. What is the tens digit of h?
6
Let v = -9 + 28. Suppose 3*t + 1 - v = 0. What is the units digit of t?
6
Let f(g) = 20*g**2 + 4*g + 5. Let r(v) = 3*v - 26. Let d be r(8). What is the tens digit of f(d)?
7
Let v(a) = 3*a**2 + 38*a + 32. What is the hundreds digit of v(-16)?
1
Suppose 334 + 1902 = 2*l. What is the units digit of l?
8
Suppose 23*w = 14*w + 648. Suppose -5*a + 4*u - 173 = 0, a - 5 = -2*u - 34. Let j = w + a. What is the units digit of j?
9
Let h be (-188)/(-12) + (-1)/(-3). Suppose 85 = -3*i - 4*j, 2*j - 6*j = h. Let l = 55 + i. What is the units digit of l?
2
Let c = -1483 - -2511. What is the tens digit of c?
2
Let s(p) = -26*p - 8. Let f = -17 - -14. What is the tens digit of s(f)?
7
Suppose -3*i - 16 + 4 = 0. Let g = i - -1. Let q = 32 + g. What is the units digit of q?
9
Let j(m) = -32*m**3 + 3*m**2 - 2*m. What is the hundreds digit of j(-2)?
2
Let g = 65 + -61. Suppose 0 = -6*y + g*y + 316. What is the hundreds digit of y?
1
Suppose 36*a + 24*a = 81900. What is the tens digit of a?
6
Let k = 18 - 4. Let r = k + -12. Suppose r*c = 2*x + 56, 2*x - x - 87 = -4*c. What is the units digit of c?
3
Let a(t) = -t**3 - 15*t**2 + 22*t + 17. Let q be a(-16). Let n = 4 - q. What is the units digit of n?
3
Let w(g) = -g**2 - 3*g + 3. Let z be w(-6). Suppose 3*b - 78 = 3*l, 3*l + 0*l = -